{"id":2,"date":"2024-10-17T13:26:05","date_gmt":"2024-10-17T13:26:05","guid":{"rendered":"https:\/\/sakupruulikoda.ee\/?page_id=2"},"modified":"2025-11-26T10:04:24","modified_gmt":"2025-11-26T07:04:24","slug":"sample-page","status":"publish","type":"page","link":"https:\/\/sakupruulikoda.ee\/?page_id=2","title":{"rendered":"S\u00fcndmused"},"content":{"rendered":"\t\t<div data-elementor-type=\"wp-page\" data-elementor-id=\"2\" class=\"elementor elementor-2\" data-elementor-post-type=\"page\">\n\t\t\t\t<div class=\"elementor-element elementor-element-93e28d7 e-con-full e-flex e-con e-parent\" data-id=\"93e28d7\" data-element_type=\"container\" data-e-type=\"container\">\n\t\t\t\t<div class=\"elementor-element elementor-element-a3c3ad3 pt-animation-small-offset elementor-invisible elementor-widget elementor-widget-pt_tabs\" data-id=\"a3c3ad3\" data-element_type=\"widget\" data-e-type=\"widget\" data-settings=\"{&quot;_animation&quot;:&quot;fadeInUp&quot;}\" data-widget_type=\"pt_tabs.default\">\n\t\t\t\t<div class=\"elementor-widget-container\">\n\t\t\t\t\t            <div class=\"pt-tabs\">\n                <div class=\"elementor-tabs-wrapper\" role=\"tablist\">                    <div class=\"elementor-tab-title elementor-tab-desktop-title elementor-active\">\n                        <a href=\"#elementor-tab-a3c3ad3-0\" class=\"tab-title-link\">05. detsember<\/a>\n                    <\/div>                    <div class=\"elementor-tab-title elementor-tab-desktop-title\">\n                        <a href=\"#elementor-tab-a3c3ad3-1\" class=\"tab-title-link\">Uued s\u00fcndmused<\/a>\n                    <\/div>                <\/div>\n\n                <div class=\"elementor-tabs-content-wrapper\" role=\"tablist\" aria-orientation=\"horizontal\">                    <div id=\"elementor-tab-a3c3ad3-0\" class=\"elementor-tab-content elementor-clearfix elementor-active\"><p><img fetchpriority=\"high\" decoding=\"async\" class=\"alignnone size-full wp-image-2653\" src=\"https:\/\/sakupruulikoda.ee\/wp-content\/uploads\/2025\/11\/05.12.25.avif\" alt=\"\" width=\"1920\" height=\"1080\" srcset=\"https:\/\/sakupruulikoda.ee\/wp-content\/uploads\/2025\/11\/05.12.25.avif 1920w, https:\/\/sakupruulikoda.ee\/wp-content\/uploads\/2025\/11\/05.12.25-300x169.avif 300w, https:\/\/sakupruulikoda.ee\/wp-content\/uploads\/2025\/11\/05.12.25-1024x576.avif 1024w, https:\/\/sakupruulikoda.ee\/wp-content\/uploads\/2025\/11\/05.12.25-768x432.avif 768w, https:\/\/sakupruulikoda.ee\/wp-content\/uploads\/2025\/11\/05.12.25-1536x864.avif 1536w, https:\/\/sakupruulikoda.ee\/wp-content\/uploads\/2025\/11\/05.12.25-1440x810.avif 1440w, https:\/\/sakupruulikoda.ee\/wp-content\/uploads\/2025\/11\/05.12.25-1200x675.avif 1200w, https:\/\/sakupruulikoda.ee\/wp-content\/uploads\/2025\/11\/05.12.25-780x439.avif 780w, https:\/\/sakupruulikoda.ee\/wp-content\/uploads\/2025\/11\/05.12.25-600x338.avif 600w, https:\/\/sakupruulikoda.ee\/wp-content\/uploads\/2025\/11\/05.12.25-550x309.avif 550w, https:\/\/sakupruulikoda.ee\/wp-content\/uploads\/2025\/11\/05.12.25-370x208.avif 370w, https:\/\/sakupruulikoda.ee\/wp-content\/uploads\/2025\/11\/05.12.25-255x143.avif 255w\" sizes=\"(max-width: 1920px) 100vw, 1920px\" \/><\/p>                    <\/div>                    <div id=\"elementor-tab-a3c3ad3-1\" class=\"elementor-tab-content elementor-clearfix hide\">\t\t\t<link rel=\"stylesheet\" id=\"elementor-post-2274-css\" href=\"https:\/\/sakupruulikoda.ee\/wp-content\/uploads\/elementor\/css\/post-2274.css?ver=1776741602\" type=\"text\/css\" media=\"all\">\t\t<div data-elementor-type=\"wp-post\" data-elementor-id=\"2274\" class=\"elementor elementor-2274\" data-elementor-post-type=\"custom_blocks\">\n\t\t\t\t<div class=\"elementor-element elementor-element-a8fb132 e-flex e-con-boxed e-con e-parent\" data-id=\"a8fb132\" data-element_type=\"container\" data-e-type=\"container\">\n\t\t\t\t\t<div class=\"e-con-inner\">\n\t\t\t\t<div class=\"elementor-element elementor-element-06f6352 elementor-hidden-desktop elementor-hidden-tablet elementor-hidden-mobile elementor-widget elementor-widget-pt_title\" data-id=\"06f6352\" data-element_type=\"widget\" data-e-type=\"widget\" data-widget_type=\"pt_title.default\">\n\t\t\t\t<div class=\"elementor-widget-container\">\n\t\t\t\t\t\n        <div class=\"pt-title-wrap text-center\">\t            <div class=\"pt-subtitle-wrap\"><span class=\"pt-subtitle color-secondary\">14.11, kell 22.00<\/span><\/div>\t            <h5 class=\"pt-title\">\n\t                Maumer b\u00e4nd\t            <\/h5>        <\/div>\t\t\t\t<\/div>\n\t\t\t\t<\/div>\n\t\t\t\t<div class=\"elementor-element elementor-element-92b2bbf elementor-widget elementor-widget-pt_title\" data-id=\"92b2bbf\" data-element_type=\"widget\" data-e-type=\"widget\" data-widget_type=\"pt_title.default\">\n\t\t\t\t<div class=\"elementor-widget-container\">\n\t\t\t\t\t\n        <div class=\"pt-title-wrap text-center\">\t            <div class=\"pt-subtitle-wrap\"><span class=\"pt-subtitle color-secondary\">05.12, kell 22.00<\/span><\/div>\t            <h5 class=\"pt-title\">\n\t                Mama\t            <\/h5>        <\/div>\t\t\t\t<\/div>\n\t\t\t\t<\/div>\n\t\t\t\t<div class=\"elementor-element elementor-element-730f11b elementor-hidden-desktop elementor-hidden-tablet elementor-hidden-mobile elementor-widget elementor-widget-pt_title\" data-id=\"730f11b\" data-element_type=\"widget\" data-e-type=\"widget\" data-widget_type=\"pt_title.default\">\n\t\t\t\t<div class=\"elementor-widget-container\">\n\t\t\t\t\t\n        <div class=\"pt-title-wrap text-center\">\t            <div class=\"pt-subtitle-wrap\"><span class=\"pt-subtitle color-secondary\">17.10, kell 22.00<\/span><\/div>\t            <h5 class=\"pt-title\">\n\t                Sada ja Seened\t            <\/h5>        <\/div>\t\t\t\t<\/div>\n\t\t\t\t<\/div>\n\t\t\t\t\t<\/div>\n\t\t\t\t<\/div>\n\t\t<div class=\"elementor-element elementor-element-a8806bb e-flex e-con-boxed e-con e-parent\" data-id=\"a8806bb\" data-element_type=\"container\" data-e-type=\"container\">\n\t\t\t\t\t<div class=\"e-con-inner\">\n\t\t\t\t<div class=\"elementor-element elementor-element-ae9b414 elementor-widget elementor-widget-spacer\" data-id=\"ae9b414\" data-element_type=\"widget\" data-e-type=\"widget\" data-widget_type=\"spacer.default\">\n\t\t\t\t<div class=\"elementor-widget-container\">\n\t\t\t\t\t\t\t<div class=\"elementor-spacer\">\n\t\t\t<div class=\"elementor-spacer-inner\"><\/div>\n\t\t<\/div>\n\t\t\t\t\t\t<\/div>\n\t\t\t\t<\/div>\n\t\t\t\t\t<\/div>\n\t\t\t\t<\/div>\n\t\t\t\t<\/div>\n\t\t                    <\/div>                <\/div>\n            <\/div>\t\t\t\t<\/div>\n\t\t\t\t<\/div>\n\t\t\t\t<\/div>\n\t\t\t\t<\/div>\n\t\t","protected":false},"excerpt":{"rendered":"<p>05. detsember Uued s\u00fcndmused 14.11, kell 22.00 Maumer b\u00e4nd 05.12, kell 22.00 Mama 17.10, kell 22.00 Sada ja Seened<\/p>\n","protected":false},"author":1,"featured_media":0,"parent":0,"menu_order":0,"comment_status":"closed","ping_status":"open","template":"elementor_header_footer","meta":{"patiotime_single_page_hide_site_header":"","patiotime_single_page_site_header_source":"","patiotime_single_page_custom_site_header":"","patiotime_single_page_custom_sticky_site_header":"","patiotime_single_page_custom_page_title_margin_top_source":"","patiotime_single_page_custom_page_title_desktop_margin_top":"","patiotime_single_page_custom_page_title_tablet_margin_top":"","patiotime_single_page_custom_page_title_mobile_margin_top":"","patiotime_single_page_hide_page_title":"","patiotime_single_page_header_section_size":"","patiotime_single_page_header_background_color":"","patiotime_single_page_header_background_position_x":"center","patiotime_single_page_header_background_position_y":"center","patiotime_single_page_header_background_size":"cover","patiotime_single_page_header_background_repeat":"off","patiotime_single_page_header_background_scroll":"on","patiotime_single_page_header_text_color":"","patiotime_single_page_header_show_breadcrumb":"","patiotime_single_page_site_footer_hide_main":"","patiotime_single_custom_site_footer_main_source":"","patiotime_single_custom_site_footer_main":"","patiotime_single_page_site_footer_hide_above":"","patiotime_single_custom_site_footer_above_source":"","patiotime_single_custom_site_footer_above":"","patiotime_single_page_site_footer_hide_instagram":"","patiotime_single_page_site_footer_hide_bottom":"","patiotime_single_custom_mobile_menu_source":"","patiotime_single_custom_mobile_menu":"","patiotime_single_custom_mobile_menu_animation":"","patiotime_single_custom_mobile_menu_width":"","patiotime_single_custom_mobile_menu_custom_width":375,"footnotes":""},"class_list":["post-2","page","type-page","status-publish","hentry"],"yoast_head":"<!-- This site is optimized with the Yoast SEO plugin v27.4 - https:\/\/yoast.com\/product\/yoast-seo-wordpress\/ -->\n<title>S\u00fcndmused - Saku Pruulikoda<\/title>\n<meta name=\"robots\" content=\"index, follow, max-snippet:-1, max-image-preview:large, max-video-preview:-1\" \/>\n<link rel=\"canonical\" href=\"https:\/\/sakupruulikoda.ee\/?page_id=2\" \/>\n<meta property=\"og:locale\" content=\"et_EE\" \/>\n<meta property=\"og:type\" content=\"article\" \/>\n<meta property=\"og:title\" content=\"S\u00fcndmused - Saku Pruulikoda\" \/>\n<meta property=\"og:description\" content=\"05. detsember Uued s\u00fcndmused 14.11, kell 22.00 Maumer b\u00e4nd 05.12, kell 22.00 Mama 17.10, kell 22.00 Sada ja Seened\" \/>\n<meta property=\"og:url\" content=\"https:\/\/sakupruulikoda.ee\/?page_id=2\" \/>\n<meta property=\"og:site_name\" content=\"Saku Pruulikoda\" \/>\n<meta property=\"article:modified_time\" content=\"2025-11-26T07:04:24+00:00\" \/>\n<meta property=\"og:image\" content=\"https:\/\/sakupruulikoda.ee\/wp-content\/uploads\/2025\/11\/05.12.25.avif\" \/>\n<meta name=\"twitter:card\" content=\"summary_large_image\" \/>\n<meta name=\"twitter:label1\" content=\"Est. reading time\" \/>\n\t<meta name=\"twitter:data1\" content=\"1 minut\" \/>\n<script type=\"application\/ld+json\" class=\"yoast-schema-graph\">{\"@context\":\"https:\\\/\\\/schema.org\",\"@graph\":[{\"@type\":\"WebPage\",\"@id\":\"https:\\\/\\\/sakupruulikoda.ee\\\/?page_id=2\",\"url\":\"https:\\\/\\\/sakupruulikoda.ee\\\/?page_id=2\",\"name\":\"S\u00fcndmused - Saku Pruulikoda\",\"isPartOf\":{\"@id\":\"https:\\\/\\\/sakupruulikoda.ee\\\/#website\"},\"primaryImageOfPage\":{\"@id\":\"https:\\\/\\\/sakupruulikoda.ee\\\/?page_id=2#primaryimage\"},\"image\":{\"@id\":\"https:\\\/\\\/sakupruulikoda.ee\\\/?page_id=2#primaryimage\"},\"thumbnailUrl\":\"https:\\\/\\\/sakupruulikoda.ee\\\/wp-content\\\/uploads\\\/2025\\\/11\\\/05.12.25.avif\",\"datePublished\":\"2024-10-17T13:26:05+00:00\",\"dateModified\":\"2025-11-26T07:04:24+00:00\",\"breadcrumb\":{\"@id\":\"https:\\\/\\\/sakupruulikoda.ee\\\/?page_id=2#breadcrumb\"},\"inLanguage\":\"et\",\"potentialAction\":[{\"@type\":\"ReadAction\",\"target\":[\"https:\\\/\\\/sakupruulikoda.ee\\\/?page_id=2\"]}]},{\"@type\":\"ImageObject\",\"inLanguage\":\"et\",\"@id\":\"https:\\\/\\\/sakupruulikoda.ee\\\/?page_id=2#primaryimage\",\"url\":\"https:\\\/\\\/sakupruulikoda.ee\\\/wp-content\\\/uploads\\\/2025\\\/11\\\/05.12.25.avif\",\"contentUrl\":\"https:\\\/\\\/sakupruulikoda.ee\\\/wp-content\\\/uploads\\\/2025\\\/11\\\/05.12.25.avif\",\"width\":1920,\"height\":1080},{\"@type\":\"BreadcrumbList\",\"@id\":\"https:\\\/\\\/sakupruulikoda.ee\\\/?page_id=2#breadcrumb\",\"itemListElement\":[{\"@type\":\"ListItem\",\"position\":1,\"name\":\"Home\",\"item\":\"https:\\\/\\\/sakupruulikoda.ee\\\/\"},{\"@type\":\"ListItem\",\"position\":2,\"name\":\"S\u00fcndmused\"}]},{\"@type\":\"WebSite\",\"@id\":\"https:\\\/\\\/sakupruulikoda.ee\\\/#website\",\"url\":\"https:\\\/\\\/sakupruulikoda.ee\\\/\",\"name\":\"Saku Pruulikoda\",\"description\":\"Saku Pruulikoda, Pubi, Saku Pubi\",\"publisher\":{\"@id\":\"https:\\\/\\\/sakupruulikoda.ee\\\/#organization\"},\"potentialAction\":[{\"@type\":\"SearchAction\",\"target\":{\"@type\":\"EntryPoint\",\"urlTemplate\":\"https:\\\/\\\/sakupruulikoda.ee\\\/?s={search_term_string}\"},\"query-input\":{\"@type\":\"PropertyValueSpecification\",\"valueRequired\":true,\"valueName\":\"search_term_string\"}}],\"inLanguage\":\"et\"},{\"@type\":\"Organization\",\"@id\":\"https:\\\/\\\/sakupruulikoda.ee\\\/#organization\",\"name\":\"Saku Pruulikoda\",\"url\":\"https:\\\/\\\/sakupruulikoda.ee\\\/\",\"logo\":{\"@type\":\"ImageObject\",\"inLanguage\":\"et\",\"@id\":\"https:\\\/\\\/sakupruulikoda.ee\\\/#\\\/schema\\\/logo\\\/image\\\/\",\"url\":\"https:\\\/\\\/sakupruulikoda.ee\\\/wp-content\\\/uploads\\\/2024\\\/10\\\/saku_pruulikoda.png\",\"contentUrl\":\"https:\\\/\\\/sakupruulikoda.ee\\\/wp-content\\\/uploads\\\/2024\\\/10\\\/saku_pruulikoda.png\",\"width\":2071,\"height\":1739,\"caption\":\"Saku Pruulikoda\"},\"image\":{\"@id\":\"https:\\\/\\\/sakupruulikoda.ee\\\/#\\\/schema\\\/logo\\\/image\\\/\"}}]}<\/script>\n<!-- \/ Yoast SEO plugin. -->","yoast_head_json":{"title":"S\u00fcndmused - Saku Pruulikoda","robots":{"index":"index","follow":"follow","max-snippet":"max-snippet:-1","max-image-preview":"max-image-preview:large","max-video-preview":"max-video-preview:-1"},"canonical":"https:\/\/sakupruulikoda.ee\/?page_id=2","og_locale":"et_EE","og_type":"article","og_title":"S\u00fcndmused - Saku Pruulikoda","og_description":"05. detsember Uued s\u00fcndmused 14.11, kell 22.00 Maumer b\u00e4nd 05.12, kell 22.00 Mama 17.10, kell 22.00 Sada ja Seened","og_url":"https:\/\/sakupruulikoda.ee\/?page_id=2","og_site_name":"Saku Pruulikoda","article_modified_time":"2025-11-26T07:04:24+00:00","og_image":[{"url":"https:\/\/sakupruulikoda.ee\/wp-content\/uploads\/2025\/11\/05.12.25.avif","type":"","width":"","height":""}],"twitter_card":"summary_large_image","twitter_misc":{"Est. reading time":"1 minut"},"schema":{"@context":"https:\/\/schema.org","@graph":[{"@type":"WebPage","@id":"https:\/\/sakupruulikoda.ee\/?page_id=2","url":"https:\/\/sakupruulikoda.ee\/?page_id=2","name":"S\u00fcndmused - Saku Pruulikoda","isPartOf":{"@id":"https:\/\/sakupruulikoda.ee\/#website"},"primaryImageOfPage":{"@id":"https:\/\/sakupruulikoda.ee\/?page_id=2#primaryimage"},"image":{"@id":"https:\/\/sakupruulikoda.ee\/?page_id=2#primaryimage"},"thumbnailUrl":"https:\/\/sakupruulikoda.ee\/wp-content\/uploads\/2025\/11\/05.12.25.avif","datePublished":"2024-10-17T13:26:05+00:00","dateModified":"2025-11-26T07:04:24+00:00","breadcrumb":{"@id":"https:\/\/sakupruulikoda.ee\/?page_id=2#breadcrumb"},"inLanguage":"et","potentialAction":[{"@type":"ReadAction","target":["https:\/\/sakupruulikoda.ee\/?page_id=2"]}]},{"@type":"ImageObject","inLanguage":"et","@id":"https:\/\/sakupruulikoda.ee\/?page_id=2#primaryimage","url":"https:\/\/sakupruulikoda.ee\/wp-content\/uploads\/2025\/11\/05.12.25.avif","contentUrl":"https:\/\/sakupruulikoda.ee\/wp-content\/uploads\/2025\/11\/05.12.25.avif","width":1920,"height":1080},{"@type":"BreadcrumbList","@id":"https:\/\/sakupruulikoda.ee\/?page_id=2#breadcrumb","itemListElement":[{"@type":"ListItem","position":1,"name":"Home","item":"https:\/\/sakupruulikoda.ee\/"},{"@type":"ListItem","position":2,"name":"S\u00fcndmused"}]},{"@type":"WebSite","@id":"https:\/\/sakupruulikoda.ee\/#website","url":"https:\/\/sakupruulikoda.ee\/","name":"Saku Pruulikoda","description":"Saku Pruulikoda, Pubi, Saku Pubi","publisher":{"@id":"https:\/\/sakupruulikoda.ee\/#organization"},"potentialAction":[{"@type":"SearchAction","target":{"@type":"EntryPoint","urlTemplate":"https:\/\/sakupruulikoda.ee\/?s={search_term_string}"},"query-input":{"@type":"PropertyValueSpecification","valueRequired":true,"valueName":"search_term_string"}}],"inLanguage":"et"},{"@type":"Organization","@id":"https:\/\/sakupruulikoda.ee\/#organization","name":"Saku Pruulikoda","url":"https:\/\/sakupruulikoda.ee\/","logo":{"@type":"ImageObject","inLanguage":"et","@id":"https:\/\/sakupruulikoda.ee\/#\/schema\/logo\/image\/","url":"https:\/\/sakupruulikoda.ee\/wp-content\/uploads\/2024\/10\/saku_pruulikoda.png","contentUrl":"https:\/\/sakupruulikoda.ee\/wp-content\/uploads\/2024\/10\/saku_pruulikoda.png","width":2071,"height":1739,"caption":"Saku Pruulikoda"},"image":{"@id":"https:\/\/sakupruulikoda.ee\/#\/schema\/logo\/image\/"}}]}},"_links":{"self":[{"href":"https:\/\/sakupruulikoda.ee\/index.php?rest_route=\/wp\/v2\/pages\/2","targetHints":{"allow":["GET"]}}],"collection":[{"href":"https:\/\/sakupruulikoda.ee\/index.php?rest_route=\/wp\/v2\/pages"}],"about":[{"href":"https:\/\/sakupruulikoda.ee\/index.php?rest_route=\/wp\/v2\/types\/page"}],"author":[{"embeddable":true,"href":"https:\/\/sakupruulikoda.ee\/index.php?rest_route=\/wp\/v2\/users\/1"}],"replies":[{"embeddable":true,"href":"https:\/\/sakupruulikoda.ee\/index.php?rest_route=%2Fwp%2Fv2%2Fcomments&post=2"}],"version-history":[{"count":188,"href":"https:\/\/sakupruulikoda.ee\/index.php?rest_route=\/wp\/v2\/pages\/2\/revisions"}],"predecessor-version":[{"id":2656,"href":"https:\/\/sakupruulikoda.ee\/index.php?rest_route=\/wp\/v2\/pages\/2\/revisions\/2656"}],"wp:attachment":[{"href":"https:\/\/sakupruulikoda.ee\/index.php?rest_route=%2Fwp%2Fv2%2Fmedia&parent=2"}],"curies":[{"name":"wp","href":"https:\/\/api.w.org\/{rel}","templated":true}]}}