{"id":377,"date":"2022-05-25T13:16:58","date_gmt":"2022-05-25T13:16:58","guid":{"rendered":"https:\/\/patiotime.loftocean.com\/demo5\/?page_id=377"},"modified":"2024-10-31T17:16:56","modified_gmt":"2024-10-31T14:16:56","slug":"about","status":"publish","type":"page","link":"https:\/\/sakupruulikoda.ee\/?page_id=377","title":{"rendered":"Ruumide rent"},"content":{"rendered":"\t\t<div data-elementor-type=\"wp-page\" data-elementor-id=\"377\" class=\"elementor elementor-377\" data-elementor-post-type=\"page\">\n\t\t\t\t\t\t<section class=\"elementor-section elementor-top-section elementor-element elementor-element-02d2caa elementor-section-height-min-height pt-section-content-fullwidth pt-parallax-on-scroll pt_scroll_y_150 elementor-section-boxed elementor-section-height-default elementor-section-items-middle\" data-id=\"02d2caa\" data-element_type=\"section\" data-e-type=\"section\" data-settings=\"{&quot;background_background&quot;:&quot;classic&quot;}\" data-pt-parallax-y=\"150\" style=\"background-image: none;\" data-pt-background-image=\"https:\/\/sakupruulikoda.ee\/wp-content\/uploads\/2024\/10\/Saku-Pruulikoja-Pubi-10-scaled.jpg\">\n\t\t\t\t\t\t\t<div class=\"elementor-background-overlay\"><\/div>\n\t\t\t\t\t\t\t<div class=\"elementor-container elementor-column-gap-default\">\n\t\t\t\t\t<div class=\"elementor-column elementor-col-100 elementor-top-column elementor-element elementor-element-53845a8\" data-id=\"53845a8\" data-element_type=\"column\" data-e-type=\"column\">\n\t\t\t<div class=\"elementor-widget-wrap elementor-element-populated\">\n\t\t\t\t\t\t\t<\/div>\n\t\t<\/div>\n\t\t\t\t\t<\/div>\n\t\t<\/section>\n\t\t\t\t<section class=\"elementor-section elementor-top-section elementor-element elementor-element-cdfe2e1 elementor-section-boxed elementor-section-height-default elementor-section-height-default\" data-id=\"cdfe2e1\" data-element_type=\"section\" data-e-type=\"section\" data-settings=\"{&quot;background_background&quot;:&quot;classic&quot;}\">\n\t\t\t\t\t\t<div class=\"elementor-container elementor-column-gap-no\">\n\t\t\t\t\t<div class=\"elementor-column elementor-col-50 elementor-top-column elementor-element elementor-element-50a9eee6\" data-id=\"50a9eee6\" data-element_type=\"column\" data-e-type=\"column\">\n\t\t\t<div class=\"elementor-widget-wrap elementor-element-populated\">\n\t\t\t\t\t\t<div class=\"elementor-element elementor-element-454f7b7 elementor-invisible elementor-widget elementor-widget-pt_rounded_image\" data-id=\"454f7b7\" data-element_type=\"widget\" data-e-type=\"widget\" data-settings=\"{&quot;_animation&quot;:&quot;fadeInLeft&quot;}\" data-widget_type=\"pt_rounded_image.default\">\n\t\t\t\t<div class=\"elementor-widget-container\">\n\t\t\t\t\t\t\t\t\t<div class=\"pt-rounded-image\" style=\"border-radius: 0 0 0 0;\">\n\t\t\t\t\t\t\t\t\t\t<img fetchpriority=\"high\" decoding=\"async\" width=\"2560\" height=\"1707\" src=\"https:\/\/sakupruulikoda.ee\/wp-content\/uploads\/2024\/10\/Saku-Pruulikoja-Pubi-15-scaled.jpg\" class=\"attachment-full size-full wp-image-1357\" alt=\"\" srcset=\"https:\/\/sakupruulikoda.ee\/wp-content\/uploads\/2024\/10\/Saku-Pruulikoja-Pubi-15-scaled.jpg 2560w, https:\/\/sakupruulikoda.ee\/wp-content\/uploads\/2024\/10\/Saku-Pruulikoja-Pubi-15-300x200.jpg 300w, https:\/\/sakupruulikoda.ee\/wp-content\/uploads\/2024\/10\/Saku-Pruulikoja-Pubi-15-1024x683.jpg 1024w, https:\/\/sakupruulikoda.ee\/wp-content\/uploads\/2024\/10\/Saku-Pruulikoja-Pubi-15-768x512.jpg 768w, https:\/\/sakupruulikoda.ee\/wp-content\/uploads\/2024\/10\/Saku-Pruulikoja-Pubi-15-1536x1024.jpg 1536w, https:\/\/sakupruulikoda.ee\/wp-content\/uploads\/2024\/10\/Saku-Pruulikoja-Pubi-15-2048x1365.jpg 2048w, https:\/\/sakupruulikoda.ee\/wp-content\/uploads\/2024\/10\/Saku-Pruulikoja-Pubi-15-1920x1280.jpg 1920w, https:\/\/sakupruulikoda.ee\/wp-content\/uploads\/2024\/10\/Saku-Pruulikoja-Pubi-15-1440x960.jpg 1440w, https:\/\/sakupruulikoda.ee\/wp-content\/uploads\/2024\/10\/Saku-Pruulikoja-Pubi-15-1200x800.jpg 1200w, https:\/\/sakupruulikoda.ee\/wp-content\/uploads\/2024\/10\/Saku-Pruulikoja-Pubi-15-780x520.jpg 780w, https:\/\/sakupruulikoda.ee\/wp-content\/uploads\/2024\/10\/Saku-Pruulikoja-Pubi-15-600x400.jpg 600w, https:\/\/sakupruulikoda.ee\/wp-content\/uploads\/2024\/10\/Saku-Pruulikoja-Pubi-15-550x367.jpg 550w, https:\/\/sakupruulikoda.ee\/wp-content\/uploads\/2024\/10\/Saku-Pruulikoja-Pubi-15-370x247.jpg 370w, https:\/\/sakupruulikoda.ee\/wp-content\/uploads\/2024\/10\/Saku-Pruulikoja-Pubi-15-255x170.jpg 255w, https:\/\/sakupruulikoda.ee\/wp-content\/uploads\/2024\/10\/Saku-Pruulikoja-Pubi-15-150x100.jpg 150w\" sizes=\"(max-width: 2560px) 100vw, 2560px\" \/>\t\t\t\t\t\t\t\t\t<\/div>\t\t\t\t<\/div>\n\t\t\t\t<\/div>\n\t\t\t\t\t<\/div>\n\t\t<\/div>\n\t\t\t\t<div class=\"elementor-column elementor-col-50 elementor-top-column elementor-element elementor-element-4bc786d4\" data-id=\"4bc786d4\" data-element_type=\"column\" data-e-type=\"column\">\n\t\t\t<div class=\"elementor-widget-wrap elementor-element-populated\">\n\t\t\t\t\t\t<div class=\"elementor-element elementor-element-330f89a0 elementor-widget elementor-widget-pt_title\" data-id=\"330f89a0\" data-element_type=\"widget\" data-e-type=\"widget\" data-widget_type=\"pt_title.default\">\n\t\t\t\t<div class=\"elementor-widget-container\">\n\t\t\t\t\t\n        <div class=\"pt-title-wrap\">\t            <div class=\"pt-subtitle-wrap\"><span class=\"pt-subtitle color-secondary style-bordered\">Ruumide rent<\/span><\/div>\t            <h5 class=\"pt-title\">\n\t                Soovid korraldada peo aga ruumi napib\t            <\/h5>\t            <div class=\"pt-title-text color-secondary\">\n\t                <p>Pakume v\u00f5imalust\u00a0broneerida\u00a0Pubi v\u00f5i lauda erinevateks\u00a0\u00fchis\u00fcritusteks\u00a0ja\u00a0koosviibimisteks. Olgu selleks s\u00fcnnip\u00e4evad, peied, \u00e4ril\u00f5unad v\u00f5i firmapeod-<br \/>meie juures leiad alati hubase ja sobiva keskkonna igaks t\u00e4htp\u00e4evaks.<br \/>Pubi saalis on\u00a0ruumi kuni 90 inimesele.<\/p>\t            <\/div>        <\/div>\t\t\t\t<\/div>\n\t\t\t\t<\/div>\n\t\t\t\t\t<\/div>\n\t\t<\/div>\n\t\t\t\t\t<\/div>\n\t\t<\/section>\n\t\t\t\t<section class=\"elementor-section elementor-top-section elementor-element elementor-element-581ef9e elementor-reverse-tablet elementor-reverse-mobile elementor-section-boxed elementor-section-height-default elementor-section-height-default\" data-id=\"581ef9e\" data-element_type=\"section\" data-e-type=\"section\" data-settings=\"{&quot;background_background&quot;:&quot;classic&quot;}\">\n\t\t\t\t\t\t<div class=\"elementor-container elementor-column-gap-no\">\n\t\t\t\t\t<div class=\"elementor-column elementor-col-50 elementor-top-column elementor-element elementor-element-338af1e\" data-id=\"338af1e\" data-element_type=\"column\" data-e-type=\"column\">\n\t\t\t<div class=\"elementor-widget-wrap elementor-element-populated\">\n\t\t\t\t\t\t<div class=\"elementor-element elementor-element-e48c7f5 elementor-widget elementor-widget-pt_title\" data-id=\"e48c7f5\" data-element_type=\"widget\" data-e-type=\"widget\" data-widget_type=\"pt_title.default\">\n\t\t\t\t<div class=\"elementor-widget-container\">\n\t\t\t\t\t\n        <div class=\"pt-title-wrap\">\t            <div class=\"pt-subtitle-wrap\"><span class=\"pt-subtitle color-secondary style-bordered\">Millist ruumi valida<\/span><\/div>\t            <div class=\"pt-title-text\">\n\t                <p>Pubi kolmandal korrusel asub \u00d5lleakadeemia saal, mis mahutab kuni 35 inimest ja kus lisaks\u00a0 meelelahutuslikule poolele on v\u00f5imalik korraldada konverentse, koosolekuid, koolitusi ning firma- ja erapidusid.<br \/>Kuna k\u00f5ik \u00fcritused on erinevad, siis kirjutage oma soovidest ning laske meil\u00a0hoolitseda k\u00f5ige vajaliku eest!<\/p>\t            <\/div>        <\/div>\t\t\t\t<\/div>\n\t\t\t\t<\/div>\n\t\t\t\t<div class=\"elementor-element elementor-element-faf716f elementor-widget elementor-widget-pt_button\" data-id=\"faf716f\" data-element_type=\"widget\" data-e-type=\"widget\" data-widget_type=\"pt_button.default\">\n\t\t\t\t<div class=\"elementor-widget-container\">\n\t\t\t\t\t        <a href=\"mailto:info@sakupruulikoda.ee\" class=\"elementor-button-link button\" role=\"button\">\n            <span class=\"pt-btn-text\">K\u00fcsi pakkumis siit<\/span>\n        <\/a>\t\t\t\t<\/div>\n\t\t\t\t<\/div>\n\t\t\t\t\t<\/div>\n\t\t<\/div>\n\t\t\t\t<div class=\"elementor-column elementor-col-50 elementor-top-column elementor-element elementor-element-51ff289\" data-id=\"51ff289\" data-element_type=\"column\" data-e-type=\"column\">\n\t\t\t<div class=\"elementor-widget-wrap elementor-element-populated\">\n\t\t\t\t\t\t<div class=\"elementor-element elementor-element-846dcc8 elementor-invisible elementor-widget elementor-widget-pt_rounded_image\" data-id=\"846dcc8\" data-element_type=\"widget\" data-e-type=\"widget\" data-settings=\"{&quot;_animation&quot;:&quot;fadeInRight&quot;}\" data-widget_type=\"pt_rounded_image.default\">\n\t\t\t\t<div class=\"elementor-widget-container\">\n\t\t\t\t\t\t\t\t\t<div class=\"pt-rounded-image\" style=\"border-radius: 0 0 0 0;\">\n\t\t\t\t\t\t\t\t\t\t<img decoding=\"async\" width=\"2560\" height=\"1707\" src=\"https:\/\/sakupruulikoda.ee\/wp-content\/uploads\/2024\/10\/Saku-Pruulikoja-Pubi-11-scaled.jpg\" class=\"attachment-full size-full wp-image-1355\" alt=\"\" srcset=\"https:\/\/sakupruulikoda.ee\/wp-content\/uploads\/2024\/10\/Saku-Pruulikoja-Pubi-11-scaled.jpg 2560w, https:\/\/sakupruulikoda.ee\/wp-content\/uploads\/2024\/10\/Saku-Pruulikoja-Pubi-11-300x200.jpg 300w, https:\/\/sakupruulikoda.ee\/wp-content\/uploads\/2024\/10\/Saku-Pruulikoja-Pubi-11-1024x683.jpg 1024w, https:\/\/sakupruulikoda.ee\/wp-content\/uploads\/2024\/10\/Saku-Pruulikoja-Pubi-11-768x512.jpg 768w, https:\/\/sakupruulikoda.ee\/wp-content\/uploads\/2024\/10\/Saku-Pruulikoja-Pubi-11-1536x1024.jpg 1536w, https:\/\/sakupruulikoda.ee\/wp-content\/uploads\/2024\/10\/Saku-Pruulikoja-Pubi-11-2048x1365.jpg 2048w, https:\/\/sakupruulikoda.ee\/wp-content\/uploads\/2024\/10\/Saku-Pruulikoja-Pubi-11-1920x1280.jpg 1920w, https:\/\/sakupruulikoda.ee\/wp-content\/uploads\/2024\/10\/Saku-Pruulikoja-Pubi-11-1440x960.jpg 1440w, https:\/\/sakupruulikoda.ee\/wp-content\/uploads\/2024\/10\/Saku-Pruulikoja-Pubi-11-1200x800.jpg 1200w, https:\/\/sakupruulikoda.ee\/wp-content\/uploads\/2024\/10\/Saku-Pruulikoja-Pubi-11-780x520.jpg 780w, https:\/\/sakupruulikoda.ee\/wp-content\/uploads\/2024\/10\/Saku-Pruulikoja-Pubi-11-600x400.jpg 600w, https:\/\/sakupruulikoda.ee\/wp-content\/uploads\/2024\/10\/Saku-Pruulikoja-Pubi-11-550x367.jpg 550w, https:\/\/sakupruulikoda.ee\/wp-content\/uploads\/2024\/10\/Saku-Pruulikoja-Pubi-11-370x247.jpg 370w, https:\/\/sakupruulikoda.ee\/wp-content\/uploads\/2024\/10\/Saku-Pruulikoja-Pubi-11-255x170.jpg 255w, https:\/\/sakupruulikoda.ee\/wp-content\/uploads\/2024\/10\/Saku-Pruulikoja-Pubi-11-150x100.jpg 150w\" sizes=\"(max-width: 2560px) 100vw, 2560px\" \/>\t\t\t\t\t\t\t\t\t<\/div>\t\t\t\t<\/div>\n\t\t\t\t<\/div>\n\t\t\t\t\t<\/div>\n\t\t<\/div>\n\t\t\t\t\t<\/div>\n\t\t<\/section>\n\t\t\t\t<\/div>\n\t\t","protected":false},"excerpt":{"rendered":"<p>Ruumide rent Soovid korraldada peo aga ruumi napib Pakume v\u00f5imalust\u00a0broneerida\u00a0Pubi v\u00f5i lauda erinevateks\u00a0\u00fchis\u00fcritusteks\u00a0ja\u00a0koosviibimisteks. Olgu selleks s\u00fcnnip\u00e4evad, peied, \u00e4ril\u00f5unad v\u00f5i firmapeod-meie juures leiad alati hubase ja sobiva keskkonna igaks t\u00e4htp\u00e4evaks.Pubi saalis on\u00a0ruumi kuni 90 inimesele. Millist ruumi valida Pubi kolmandal korrusel asub \u00d5lleakadeemia saal, mis mahutab kuni 35 inimest ja kus lisaks\u00a0 meelelahutuslikule poolele on v\u00f5imalik &#8230;<\/p>\n","protected":false},"author":1,"featured_media":0,"parent":0,"menu_order":0,"comment_status":"closed","ping_status":"closed","template":"template-wide-content.php","meta":{"patiotime_single_page_hide_site_header":"","patiotime_single_page_site_header_source":"","patiotime_single_page_custom_site_header":"0","patiotime_single_page_custom_sticky_site_header":"0","patiotime_single_page_custom_page_title_margin_top_source":"","patiotime_single_page_custom_page_title_desktop_margin_top":"","patiotime_single_page_custom_page_title_tablet_margin_top":"","patiotime_single_page_custom_page_title_mobile_margin_top":"","patiotime_single_page_hide_page_title":"on","patiotime_single_page_header_section_size":"","patiotime_single_page_header_background_color":"","patiotime_single_page_header_background_position_x":"center","patiotime_single_page_header_background_position_y":"center","patiotime_single_page_header_background_size":"cover","patiotime_single_page_header_background_repeat":"off","patiotime_single_page_header_background_scroll":"on","patiotime_single_page_header_text_color":"","patiotime_single_page_header_show_breadcrumb":"","patiotime_single_page_site_footer_hide_main":"","patiotime_single_custom_site_footer_main_source":"","patiotime_single_custom_site_footer_main":"0","patiotime_single_page_site_footer_hide_above":"","patiotime_single_custom_site_footer_above_source":"","patiotime_single_custom_site_footer_above":"0","patiotime_single_page_site_footer_hide_instagram":"","patiotime_single_page_site_footer_hide_bottom":"","patiotime_single_custom_mobile_menu_source":"","patiotime_single_custom_mobile_menu":"0","patiotime_single_custom_mobile_menu_animation":"","patiotime_single_custom_mobile_menu_width":"","patiotime_single_custom_mobile_menu_custom_width":375,"footnotes":""},"class_list":["post-377","page","type-page","status-publish","hentry"],"yoast_head":"<!-- This site is optimized with the Yoast SEO plugin v27.4 - https:\/\/yoast.com\/product\/yoast-seo-wordpress\/ -->\n<title>Ruumide rent - Saku Pruulikoda<\/title>\n<meta name=\"robots\" content=\"index, follow, max-snippet:-1, max-image-preview:large, max-video-preview:-1\" \/>\n<link rel=\"canonical\" href=\"https:\/\/sakupruulikoda.ee\/?page_id=377\" \/>\n<meta property=\"og:locale\" content=\"et_EE\" \/>\n<meta property=\"og:type\" content=\"article\" \/>\n<meta property=\"og:title\" content=\"Ruumide rent - Saku Pruulikoda\" \/>\n<meta property=\"og:description\" content=\"Ruumide rent Soovid korraldada peo aga ruumi napib Pakume v\u00f5imalust\u00a0broneerida\u00a0Pubi v\u00f5i lauda erinevateks\u00a0\u00fchis\u00fcritusteks\u00a0ja\u00a0koosviibimisteks. Olgu selleks s\u00fcnnip\u00e4evad, peied, \u00e4ril\u00f5unad v\u00f5i firmapeod-meie juures leiad alati hubase ja sobiva keskkonna igaks t\u00e4htp\u00e4evaks.Pubi saalis on\u00a0ruumi kuni 90 inimesele. Millist ruumi valida Pubi kolmandal korrusel asub \u00d5lleakadeemia saal, mis mahutab kuni 35 inimest ja kus lisaks\u00a0 meelelahutuslikule poolele on v\u00f5imalik ...\" \/>\n<meta property=\"og:url\" content=\"https:\/\/sakupruulikoda.ee\/?page_id=377\" \/>\n<meta property=\"og:site_name\" content=\"Saku Pruulikoda\" \/>\n<meta property=\"article:modified_time\" content=\"2024-10-31T14:16:56+00:00\" \/>\n<meta property=\"og:image\" content=\"https:\/\/sakupruulikoda.ee\/wp-content\/uploads\/2024\/10\/Saku-Pruulikoja-Pubi-15-scaled.jpg\" \/>\n\t<meta property=\"og:image:width\" content=\"2560\" \/>\n\t<meta property=\"og:image:height\" content=\"1707\" \/>\n\t<meta property=\"og:image:type\" content=\"image\/jpeg\" \/>\n<meta name=\"twitter:card\" content=\"summary_large_image\" \/>\n<meta name=\"twitter:label1\" content=\"Est. reading time\" \/>\n\t<meta name=\"twitter:data1\" content=\"1 minut\" \/>\n<script type=\"application\/ld+json\" class=\"yoast-schema-graph\">{\"@context\":\"https:\\\/\\\/schema.org\",\"@graph\":[{\"@type\":\"WebPage\",\"@id\":\"https:\\\/\\\/sakupruulikoda.ee\\\/?page_id=377\",\"url\":\"https:\\\/\\\/sakupruulikoda.ee\\\/?page_id=377\",\"name\":\"Ruumide rent - Saku Pruulikoda\",\"isPartOf\":{\"@id\":\"https:\\\/\\\/sakupruulikoda.ee\\\/#website\"},\"primaryImageOfPage\":{\"@id\":\"https:\\\/\\\/sakupruulikoda.ee\\\/?page_id=377#primaryimage\"},\"image\":{\"@id\":\"https:\\\/\\\/sakupruulikoda.ee\\\/?page_id=377#primaryimage\"},\"thumbnailUrl\":\"https:\\\/\\\/sakupruulikoda.ee\\\/wp-content\\\/uploads\\\/2024\\\/10\\\/Saku-Pruulikoja-Pubi-15-scaled.jpg\",\"datePublished\":\"2022-05-25T13:16:58+00:00\",\"dateModified\":\"2024-10-31T14:16:56+00:00\",\"breadcrumb\":{\"@id\":\"https:\\\/\\\/sakupruulikoda.ee\\\/?page_id=377#breadcrumb\"},\"inLanguage\":\"et\",\"potentialAction\":[{\"@type\":\"ReadAction\",\"target\":[\"https:\\\/\\\/sakupruulikoda.ee\\\/?page_id=377\"]}]},{\"@type\":\"ImageObject\",\"inLanguage\":\"et\",\"@id\":\"https:\\\/\\\/sakupruulikoda.ee\\\/?page_id=377#primaryimage\",\"url\":\"https:\\\/\\\/sakupruulikoda.ee\\\/wp-content\\\/uploads\\\/2024\\\/10\\\/Saku-Pruulikoja-Pubi-15-scaled.jpg\",\"contentUrl\":\"https:\\\/\\\/sakupruulikoda.ee\\\/wp-content\\\/uploads\\\/2024\\\/10\\\/Saku-Pruulikoja-Pubi-15-scaled.jpg\",\"width\":2560,\"height\":1707},{\"@type\":\"BreadcrumbList\",\"@id\":\"https:\\\/\\\/sakupruulikoda.ee\\\/?page_id=377#breadcrumb\",\"itemListElement\":[{\"@type\":\"ListItem\",\"position\":1,\"name\":\"Home\",\"item\":\"https:\\\/\\\/sakupruulikoda.ee\\\/\"},{\"@type\":\"ListItem\",\"position\":2,\"name\":\"Ruumide rent\"}]},{\"@type\":\"WebSite\",\"@id\":\"https:\\\/\\\/sakupruulikoda.ee\\\/#website\",\"url\":\"https:\\\/\\\/sakupruulikoda.ee\\\/\",\"name\":\"Saku Pruulikoda\",\"description\":\"Saku Pruulikoda, Pubi, Saku Pubi\",\"publisher\":{\"@id\":\"https:\\\/\\\/sakupruulikoda.ee\\\/#organization\"},\"potentialAction\":[{\"@type\":\"SearchAction\",\"target\":{\"@type\":\"EntryPoint\",\"urlTemplate\":\"https:\\\/\\\/sakupruulikoda.ee\\\/?s={search_term_string}\"},\"query-input\":{\"@type\":\"PropertyValueSpecification\",\"valueRequired\":true,\"valueName\":\"search_term_string\"}}],\"inLanguage\":\"et\"},{\"@type\":\"Organization\",\"@id\":\"https:\\\/\\\/sakupruulikoda.ee\\\/#organization\",\"name\":\"Saku Pruulikoda\",\"url\":\"https:\\\/\\\/sakupruulikoda.ee\\\/\",\"logo\":{\"@type\":\"ImageObject\",\"inLanguage\":\"et\",\"@id\":\"https:\\\/\\\/sakupruulikoda.ee\\\/#\\\/schema\\\/logo\\\/image\\\/\",\"url\":\"https:\\\/\\\/sakupruulikoda.ee\\\/wp-content\\\/uploads\\\/2024\\\/10\\\/saku_pruulikoda.png\",\"contentUrl\":\"https:\\\/\\\/sakupruulikoda.ee\\\/wp-content\\\/uploads\\\/2024\\\/10\\\/saku_pruulikoda.png\",\"width\":2071,\"height\":1739,\"caption\":\"Saku Pruulikoda\"},\"image\":{\"@id\":\"https:\\\/\\\/sakupruulikoda.ee\\\/#\\\/schema\\\/logo\\\/image\\\/\"}}]}<\/script>\n<!-- \/ Yoast SEO plugin. -->","yoast_head_json":{"title":"Ruumide rent - Saku Pruulikoda","robots":{"index":"index","follow":"follow","max-snippet":"max-snippet:-1","max-image-preview":"max-image-preview:large","max-video-preview":"max-video-preview:-1"},"canonical":"https:\/\/sakupruulikoda.ee\/?page_id=377","og_locale":"et_EE","og_type":"article","og_title":"Ruumide rent - Saku Pruulikoda","og_description":"Ruumide rent Soovid korraldada peo aga ruumi napib Pakume v\u00f5imalust\u00a0broneerida\u00a0Pubi v\u00f5i lauda erinevateks\u00a0\u00fchis\u00fcritusteks\u00a0ja\u00a0koosviibimisteks. Olgu selleks s\u00fcnnip\u00e4evad, peied, \u00e4ril\u00f5unad v\u00f5i firmapeod-meie juures leiad alati hubase ja sobiva keskkonna igaks t\u00e4htp\u00e4evaks.Pubi saalis on\u00a0ruumi kuni 90 inimesele. Millist ruumi valida Pubi kolmandal korrusel asub \u00d5lleakadeemia saal, mis mahutab kuni 35 inimest ja kus lisaks\u00a0 meelelahutuslikule poolele on v\u00f5imalik ...","og_url":"https:\/\/sakupruulikoda.ee\/?page_id=377","og_site_name":"Saku Pruulikoda","article_modified_time":"2024-10-31T14:16:56+00:00","og_image":[{"width":2560,"height":1707,"url":"https:\/\/sakupruulikoda.ee\/wp-content\/uploads\/2024\/10\/Saku-Pruulikoja-Pubi-15-scaled.jpg","type":"image\/jpeg"}],"twitter_card":"summary_large_image","twitter_misc":{"Est. reading time":"1 minut"},"schema":{"@context":"https:\/\/schema.org","@graph":[{"@type":"WebPage","@id":"https:\/\/sakupruulikoda.ee\/?page_id=377","url":"https:\/\/sakupruulikoda.ee\/?page_id=377","name":"Ruumide rent - Saku Pruulikoda","isPartOf":{"@id":"https:\/\/sakupruulikoda.ee\/#website"},"primaryImageOfPage":{"@id":"https:\/\/sakupruulikoda.ee\/?page_id=377#primaryimage"},"image":{"@id":"https:\/\/sakupruulikoda.ee\/?page_id=377#primaryimage"},"thumbnailUrl":"https:\/\/sakupruulikoda.ee\/wp-content\/uploads\/2024\/10\/Saku-Pruulikoja-Pubi-15-scaled.jpg","datePublished":"2022-05-25T13:16:58+00:00","dateModified":"2024-10-31T14:16:56+00:00","breadcrumb":{"@id":"https:\/\/sakupruulikoda.ee\/?page_id=377#breadcrumb"},"inLanguage":"et","potentialAction":[{"@type":"ReadAction","target":["https:\/\/sakupruulikoda.ee\/?page_id=377"]}]},{"@type":"ImageObject","inLanguage":"et","@id":"https:\/\/sakupruulikoda.ee\/?page_id=377#primaryimage","url":"https:\/\/sakupruulikoda.ee\/wp-content\/uploads\/2024\/10\/Saku-Pruulikoja-Pubi-15-scaled.jpg","contentUrl":"https:\/\/sakupruulikoda.ee\/wp-content\/uploads\/2024\/10\/Saku-Pruulikoja-Pubi-15-scaled.jpg","width":2560,"height":1707},{"@type":"BreadcrumbList","@id":"https:\/\/sakupruulikoda.ee\/?page_id=377#breadcrumb","itemListElement":[{"@type":"ListItem","position":1,"name":"Home","item":"https:\/\/sakupruulikoda.ee\/"},{"@type":"ListItem","position":2,"name":"Ruumide rent"}]},{"@type":"WebSite","@id":"https:\/\/sakupruulikoda.ee\/#website","url":"https:\/\/sakupruulikoda.ee\/","name":"Saku Pruulikoda","description":"Saku Pruulikoda, Pubi, Saku Pubi","publisher":{"@id":"https:\/\/sakupruulikoda.ee\/#organization"},"potentialAction":[{"@type":"SearchAction","target":{"@type":"EntryPoint","urlTemplate":"https:\/\/sakupruulikoda.ee\/?s={search_term_string}"},"query-input":{"@type":"PropertyValueSpecification","valueRequired":true,"valueName":"search_term_string"}}],"inLanguage":"et"},{"@type":"Organization","@id":"https:\/\/sakupruulikoda.ee\/#organization","name":"Saku Pruulikoda","url":"https:\/\/sakupruulikoda.ee\/","logo":{"@type":"ImageObject","inLanguage":"et","@id":"https:\/\/sakupruulikoda.ee\/#\/schema\/logo\/image\/","url":"https:\/\/sakupruulikoda.ee\/wp-content\/uploads\/2024\/10\/saku_pruulikoda.png","contentUrl":"https:\/\/sakupruulikoda.ee\/wp-content\/uploads\/2024\/10\/saku_pruulikoda.png","width":2071,"height":1739,"caption":"Saku Pruulikoda"},"image":{"@id":"https:\/\/sakupruulikoda.ee\/#\/schema\/logo\/image\/"}}]}},"_links":{"self":[{"href":"https:\/\/sakupruulikoda.ee\/index.php?rest_route=\/wp\/v2\/pages\/377","targetHints":{"allow":["GET"]}}],"collection":[{"href":"https:\/\/sakupruulikoda.ee\/index.php?rest_route=\/wp\/v2\/pages"}],"about":[{"href":"https:\/\/sakupruulikoda.ee\/index.php?rest_route=\/wp\/v2\/types\/page"}],"author":[{"embeddable":true,"href":"https:\/\/sakupruulikoda.ee\/index.php?rest_route=\/wp\/v2\/users\/1"}],"replies":[{"embeddable":true,"href":"https:\/\/sakupruulikoda.ee\/index.php?rest_route=%2Fwp%2Fv2%2Fcomments&post=377"}],"version-history":[{"count":54,"href":"https:\/\/sakupruulikoda.ee\/index.php?rest_route=\/wp\/v2\/pages\/377\/revisions"}],"predecessor-version":[{"id":1794,"href":"https:\/\/sakupruulikoda.ee\/index.php?rest_route=\/wp\/v2\/pages\/377\/revisions\/1794"}],"wp:attachment":[{"href":"https:\/\/sakupruulikoda.ee\/index.php?rest_route=%2Fwp%2Fv2%2Fmedia&parent=377"}],"curies":[{"name":"wp","href":"https:\/\/api.w.org\/{rel}","templated":true}]}}